 + 72. Let j = k - 10. What is the remainder when 47 is divided by j?
13
What is the remainder when (-132)/(-48)*92 - 7 is divided by 29?
14
Suppose 0 = 9*s - 1637 - 442. What is the remainder when s is divided by 18?
15
Suppose 2*t - 611 = -3*u, -u + 0*t = -2*t - 201. Let a = u - 85. What is the remainder when a is divided by 30?
28
Let k(n) = n**3 - n + 4*n**2 - 4*n + 4*n. Let a be k(-4). Suppose f - 180 = -a*f. Calculate the remainder when f is divided by 13.
10
Suppose 3*r = -0*r. Let l = r - -15. Suppose -145 = -4*z - z. What is the remainder when z is divided by l?
14
Suppose -1168*z + 147 = -1165*z. What is the remainder when z is divided by 2?
1
Let c = 11 - 5. Let s(r) = r**3 + 7*r**2 - r - 4. Let x be s(-7). What is the remainder when c is divided by x/(3/7) - 3?
2
Calculate the remainder when (7 - -3) + -23 + 538 is divided by 66.
63
Suppose z - 64 = -5*v - z, 46 = 4*v - z. Suppose -5*w + 67 = -6*w. Let j = -34 - w. Calculate the remainder when j is divided by v.
9
Let a be 2/(-3) - 1218/63. Calculate the remainder when 78 is divided by 48/a*(-20)/3.
14
Let a be (0 + 57/(-12))*-4. Suppose -2*w + 13 = -5*i, 5*w - i = 2 + a. Calculate the remainder when 13 is divided by w.
1
Let b(a) = a**3 - 15*a**2 - 33*a - 4. Calculate the remainder when 831 is divided by b(17).
12
Suppose -5*p - 4*h - 206 = -42, -4*p = -2*h + 126. Let u be 6*-2*p/12. Let n = u - 19. What is the remainder when 24 is divided by n?
11
Let y = -32 + 35. Let t(r) = -r**2 - 6*r + 6. What is the remainder when t(-6) is divided by y?
0
Suppose -12*h + 942 = -4086. Calculate the remainder when h is divided by 62.
47
Suppose -5*a - 4*w - 249 = 0, -2*a = -4*a + 4*w - 94. Let t = -29 - a. Suppose -14 = -3*j + j. What is the remainder when t is divided by j?
6
Let g(u) = -5*u**2 + 8*u + 15. Let j(s) = -6*s**2 + 8*s + 16. Let n(z) = -7*g(z) + 6*j(z). Calculate the remainder when 22 is divided by n(-5).
4
Let m be ((-4 + -1)/15)/(1/(-3)). Let s(q) = 8*q**2 + 2*q + 1. Calculate the remainder when (-2)/(m/(-4)*-2) - -52 is divided by s(-1).
6
Suppose 403 = 5*j + 2*y, 4*j - 161 = 4*y + 167. Calculate the remainder when j is divided by 14.
11
Suppose 0 = -5*a - 5*x + 65, -5*x = -6*a + 3*a + 31. Calculate the remainder when 21 is divided by a.
9
Suppose s = -s - 12. Suppose 3*c = v + 43, -2*c = -v - 0*v - 29. What is the remainder when s/(-16) - 3708/(-96) is divided by c?
11
Let t(j) = -65*j**3 + 2*j**2 + 17*j + 14. What is the remainder when 301 is divided by t(-1)?
45
Suppose 0 = a - 2*y + 31, y - 120 = 4*a + 4. Let n = a - -31. Suppose n = 3*f - 60 - 18. Calculate the remainder when f is divided by 14.
12
Let m = 7 + 15. Suppose -b + 1 = v, m = b + 3*b - 2*v. Calculate the remainder when (-4)/(-18) - (-230)/18 is divided by b.
1
Let s(d) = d**2 - 2*d - 1. Let o be s(3). Suppose 5*w - 65 = 4*a, -o*a - w - 14 = -a. Let u = 22 + a. What is the remainder when u is divided by 4?
3
Calculate the remainder when (36/(-10))/((-9870)/(-1100) + -9) is divided by 45.
42
Let t = -87 + 122. Let s = -287 + 296. Calculate the remainder when t is divided by s.
8
Suppose -2*x + 45 = -2*z - 187, -2*x = 5*z - 253. Let n(p) = 41*p**3 - 2*p**2 + 2*p - 1. What is the remainder when x is divided by n(1)?
39
Let t(f) = 22*f + 135. Calculate the remainder when 87 is divided by t(-5).
12
Suppose a = -2*h - 7 + 65, -5*a - 2*h + 266 = 0. What is the remainder when a is divided by 15?
7
Suppose 4*t + 0*t = 32. Let j = t - -33. Calculate the remainder when j is divided by 14.
13
Suppose 5*o + 0*b = 4*b - 10, -4*o - 4*b - 44 = 0. Let i = -2 - o. Suppose q = i + 2. Calculate the remainder when 17 is divided by q.
5
Let s = 1265 + -1219. What is the remainder when 243 is divided by s?
13
Let h(i) = -i**3 + 9*i**2 + i + 17. Calculate the remainder when 87 is divided by h(9).
9
Let m = -30 + 34. Suppose 0 = 6*n - m*n - 24. What is the remainder when 47 is divided by n?
11
Let q = -50 + -2. Let i = -13 - q. Suppose 11 = 5*u - 14, -3*y = 3*u - 39. Calculate the remainder when i is divided by y.
7
Suppose -4*s + 0*s - 4 = 0. Let k(d) = -44*d**3 - d**2 - 3*d - 2. What is the remainder when k(s) is divided by 15?
14
What is the remainder when 632/6*930/248 is divided by 36?
35
Suppose -167*d + 161*d + 564 = 0. What is the remainder when d is divided by 24?
22
Suppose z = 3*v + 13, -z + 5*v = -0*z - 17. Suppose -34 = -2*p + p. Calculate the remainder when p - -2 - (4 - z) is divided by 14.
11
Calculate the remainder when 297 is divided by 4*(299/26 + -4).
27
Let c(k) = -k**3 - 5*k**2 - 6*k - 4. Let s be c(-4). Suppose -3*m + 3*i - 6 = -s*m, 3*i + 30 = 5*m. Calculate the remainder when 16 is divided by m.
4
Let h = -9 + 36. Calculate the remainder when 29 is divided by h.
2
Let a(x) = -x**3 + 6*x**2 - 5*x + 3. Let u be 1/(2*4/8). Calculate the remainder when ((-8)/10)/(u/(-10)) is divided by a(5).
2
Let n(c) = c**3 - 12*c**2 - c + 20. Let q be n(12). Suppose l - 38 = 3*j, -q*l + 185 = -4*l - j. Calculate the remainder when l is divided by 25.
22
Suppose 0 = -4*b + 5*o + 115, 2*b = -5*o - 3 + 38. Calculate the remainder when b is divided by 8.
1
Let x(l) = -l**2 - 24*l - 52. Calculate the remainder when x(-9) is divided by 36.
11
Suppose 2*p + o = 51 + 124, 0 = -4*p - 4*o + 360. What is the remainder when 1018 is divided by p?
83
Suppose 61 = 17*y - 296. Let u(l) = 3*l**2 + 2*l + 3. What is the remainder when y is divided by u(-2)?
10
Suppose -4*o = -344 - 68. Let c = o - 54. What is the remainder when c is divided by 26?
23
Let g = 630 - 628. What is the remainder when 6 is divided by g?
0
Let n be -8 + (8 - (-3 - -7)). What is the remainder when (15/n)/((-4)/16) is divided by 3?
0
Let k(w) = w**3 - 27*w**2 + 26*w + 9. Calculate the remainder when 27 is divided by k(26).
0
Suppose -7*o + 196 = 21*o. What is the remainder when 18 is divided by o?
4
Suppose 0 = 4*v - 0*v - 40. Let s = 12 + -30. What is the remainder when 4/s - (-692)/36 is divided by v?
9
Let f = 28 - 9. Suppose -n + 71 + 2 = 4*y, 0 = -4*n - 2*y + 292. What is the remainder when n is divided by f?
16
Let f = 8 - -13. Let b(p) = 2*p**2 - 24*p - 47. What is the remainder when f is divided by b(14)?
3
Let d = -1 + 3. Suppose 4*g - 120 = 3*p, g + d*p + p - 15 = 0. Calculate the remainder when g is divided by (336/(-36))/((-2)/3).
13
Let q(l) = 3*l**3 - 4*l**2 + 6*l - 4. Let d be q(2). Suppose -4*y + 5*y - d = 0. What is the remainder when 61 is divided by y?
13
Let c = 11 + 13. Let w = 41 - c. Let n(y) = 9*y**2 - y. What is the remainder when w is divided by n(-1)?
7
Suppose -u + 10 + 57 = 0. What is the remainder when u is divided by 17?
16
What is the remainder when 111*(10 - 3)*2/14 is divided by 13?
7
Suppose r = -c - c + 205, 2*r = -2*c + 208. What is the remainder when c is divided by 22?
13
Suppose -135*p = -141*p + 36. Calculate the remainder when 65 is divided by p.
5
Suppose 4*i - 204 = 3*v, 0 = 5*i - 10*v + 6*v - 256. What is the remainder when i is divided by 20?
8
Suppose -2*m - 5*f = -751, 13*m + 2*f - 1121 = 10*m. Calculate the remainder when m is divided by 47.
44
Let j(d) = 2*d**2 + 18. Suppose f - 7 = -7. Calculate the remainder when 53 is divided by j(f).
17
Suppose -4*s - 2*w = -284, w = -4*s - 4*w + 290. What is the remainder when s is divided by 52?
18
Let m(n) = -4*n + n**2 - 2*n**2 + 0 + 1 + 3*n**2. Let t = 82 - 50. What is the remainder when t is divided by m(4)?
15
Let z = -1027 - -1035. What is the remainder when 20 is divided by z?
4
Let d = 360 + -312. What is the remainder when 94 is divided by d?
46
Suppose 31*i - 1926 + 314 = 0. Calculate the remainder when 98 is divided by i.
46
Let p = -22 - -35. Suppose 5*b - 126 = -0*b - o, -3*o = 5*b - 128. What is the remainder when b is divided by p?
12
Suppose -12*l + 7*l + 135 = 0. Let r = 32 + -22. What is the remainder when l is divided by r?
7
Let m = -39 - -198. Calculate the remainder when m is divided by 32.
31
Let f(r) = 75*r - 36. Let l(i) = -i**2 + 4*i + 3. Calculate the remainder when f(1) is divided by l(3).
3
Let c(d) = d**2 + 7*d + 4. What is the remainder when 43 is divided by c(0)?
3
Suppose 3*o = 3*a + 48, 2*o = -4*a - 0*o - 64. Let l = a + 41. What is the remainder when l is divided by 7?
4
Let b(w) be the second derivative of -w**4/12 - 7*w**3/6 + 5*w**2/2 + 6*w. C